d m?
25
Let h be (-26)/(-3 + 1 - 0). Calculate the greatest common divisor of h and 104.
13
Suppose a + 18 = 2*a. What is the greatest common factor of 144 and a?
18
Let h = 2 + -6. Let d be (2/h + 0)*20. Let l be (5 + 1)*d/(-3). What is the highest common divisor of l and 220?
20
Let v(h) = -2*h - 8. Let z be v(-6). Suppose -4*f - p + 19 = z*p, -2*f + 3*p = 7. Let s be (f + 1)/(5/50). What is the highest common factor of 20 and s?
20
Let l(f) = 2*f**2 - 10*f - 9. Let u be l(-11). Calculate the greatest common factor of u and 49.
49
Suppose -10*x + 13*x = 240. Suppose 0 = 4*t - 4*n, t + 5*n + 8 + 4 = 0. Let l be t/((-21)/(-24) + -1). What is the greatest common divisor of x and l?
16
Let v = -34 - -59. Let s(u) = -u**3 - u**2 + u + 50. Let q be s(0). Calculate the highest common divisor of v and q.
25
Let m = -6 - 0. Let y = -5 - m. What is the highest common factor of 3 and y?
1
Let p(d) = d**3 - 5*d**2 - 10. Let u be (-8)/12 - 8/(-3). Suppose u - 30 = -4*n. Let x be p(n). Calculate the greatest common factor of 8 and x.
8
Let k(p) = -p**3 - 5*p**2 - 3*p + 6. Let f be k(-5). Suppose -3*r - 2*y = 2*r + 5, -r + 4*y = -f. What is the highest common factor of 9 and r?
1
Let y be ((-36)/(-45))/(1 - (-24)/(-25)). Suppose 5*m = -20, -o - 3*m = o - 268. What is the highest common factor of o and y?
20
Suppose -2*k + 20 = 2*k. Suppose -5*m + 4*p = -4*m - 65, k*m + p - 283 = 0. Calculate the highest common divisor of m and 38.
19
Suppose -2*r + 5*r - 30 = 0. Let w(x) = 3*x**2 - 2*x - 3. Suppose 0 = -2*h - 3*h - 15. Let j be w(h). Calculate the greatest common divisor of j and r.
10
Let f(x) = -x**2 + 1. Let b(l) = 7*l**2 - 2*l + 3. Let m(q) = b(q) + 4*f(q). Let a be m(5). What is the highest common factor of a and 8?
8
Let z(l) = 43*l - 2. Let q be z(2). Let p(n) = -n**3 + 7*n**2 - 8*n + 4. Let u be p(5). Calculate the greatest common divisor of q and u.
14
Let l be (-7)/(140/(-24))*180. What is the highest common factor of l and 27?
27
Suppose 0*i + 5*n = -2*i - 40, 4*n = -16. Let z be (i/3)/((-1)/3). Suppose 0 = 5*t, 5*t + 60 = x + 2*x. What is the highest common factor of z and x?
10
Let o be 3/(-2)*(-4)/2. Let n be 35/2 + o/(-2). What is the greatest common factor of 4 and n?
4
Suppose -458 - 844 = -6*d. What is the greatest common factor of d and 31?
31
Let m(i) = 4*i - 3. Let s be m(4). What is the greatest common factor of s and 26?
13
Let m be (-28)/(-35) + (-146)/(-5). What is the highest common divisor of 20 and m?
10
Let i(f) = 5*f - 22. Let d be i(5). Calculate the highest common factor of d and 33.
3
Suppose 3*w + 60 = -0*w. Let g = -2 - w. Calculate the greatest common factor of 27 and g.
9
Suppose 2*g = -0*g + 32. Suppose -6 + g = 5*y. Suppose -5*v - 4*a + 536 = -v, a = y. What is the highest common factor of 12 and v?
12
Suppose -3*l + 0 = -9. Let g be (l - 6)/(1/(-10)). Let s be 2/7 - 80/(-14). What is the highest common factor of s and g?
6
Suppose -18 = -4*g + g. Let r be 8/g*(-27)/(-6). What is the highest common factor of 30 and r?
6
Let j(p) = -p**3 - 11*p**2 - 13*p - 18. Let w be j(-10). Calculate the highest common divisor of w and 12.
12
Let w be 6/15 - (-26)/10. Let v be 3/3 - (3 + 15). Let z = w - v. What is the greatest common divisor of 5 and z?
5
Let s(n) = -n**2 + 8*n - 6. Let i be s(6). Suppose 3*b - 2*k - 276 = -0*b, 5*k = 3*b - 285. Let f = b - 36. What is the greatest common factor of f and i?
6
Let k = -184 + 289. Suppose -2*v = 5 - 35. What is the greatest common factor of v and k?
15
Suppose 3*o - 56 = -38. What is the highest common divisor of 102 and o?
6
Suppose -6*w + 250 = -w. Suppose -5*z - 5*p = -w, p + 20 - 5 = 4*z. Suppose -z*s + 24 = -1, 0 = -3*j + s + 34. Calculate the greatest common factor of j and 52.
13
Suppose -4*q + 24 = z, 0*z - 5*q = 5*z - 165. Let v be 3*4/(-12)*(2 - 56). What is the greatest common factor of v and z?
18
Let i be (-2)/8 - 1/(-4). Let u be (0 - i)*2/4. Suppose d - 5 = -u*d. Calculate the highest common divisor of d and 10.
5
Suppose 4*m - 45 = f + 4, 5*m + 3*f - 57 = 0. Suppose 3*b = b + 36. What is the highest common divisor of m and b?
6
Let x = 23 - 11. What is the highest common factor of 36 and x?
12
Suppose -174 - 201 = -5*t. Suppose -t = -4*b - b. What is the greatest common divisor of b and 15?
15
Let a be 4 + (4 + -3)*-1. Suppose 6 = -a*i - 6, i = -t + 1. Calculate the highest common factor of 20 and t.
5
Let m be (-2)/10 - 52/(-10). What is the highest common divisor of m and 35?
5
Let n be 0 + 3/3*-5. Let i be (n + 6)/(1/5). What is the highest common divisor of i and 45?
5
Let l = 110 + -65. What is the greatest common divisor of l and 9?
9
Suppose 3*a + 8 = 2*a. Let k(q) = q**3 + 9*q**2 + 8*q + 12. Let m be k(a). Let i(l) = -9*l + 6. Let b be i(-6). What is the highest common factor of b and m?
12
Let m(q) = -21*q - 6. Let o be m(-5). Suppose -26 - 48 = -2*s. Suppose -s = -4*z + 7. What is the highest common divisor of o and z?
11
Suppose -2*a - 119 = -5*n, 2*a + 2 = -2*n + 44. Calculate the highest common divisor of n and 184.
23
Let o be 238 + 0 + 0/1. Let g = o + -168. What is the highest common divisor of g and 10?
10
Let r = -31 - -89. Let h = -3 + 5. Suppose 3*m - 8 - 38 = -h*q, 0 = 3*m - q - r. Calculate the highest common divisor of 45 and m.
9
Let j be -62*1/(-2) - -2. Let n(l) = 10*l + 4. Let z be n(7). Suppose -2*y + 4*f = y - z, -58 = -3*y - 4*f. What is the greatest common factor of j and y?
11
Suppose 0*z = -4*z. Suppose z = 4*r - 35 - 37. Let o be 176/r - 2/(-9). What is the greatest common factor of 40 and o?
10
Let d = -88 + 164. Calculate the highest common divisor of 19 and d.
19
Let o(b) be the third derivative of -b**4/24 + 7*b**3/2 - 8*b**2. Let d be o(5). Calculate the greatest common factor of d and 16.
16
Let k = -5 + 7. Let i be (k - (-1 - -1)) + 5. What is the highest common factor of i and 56?
7
Let k = 118 + -73. What is the highest common factor of 315 and k?
45
Let t(l) = -3*l - 3. Let s be (-6 + 10)*(-3)/2. Let d be t(s). What is the highest common factor of 75 and d?
15
Let p = 20 + -9. Let m be (p + -9)*4/2. Let q be (-1)/(10/88)*-5. Calculate the greatest common factor of q and m.
4
Suppose 4*i + 3 = 3*i, -i + 18 = g. Let a(y) = -y**3 - 3*y**2 - y. Let h be a(-3). Let n be (-44 + 6/h)/(-1). Calculate the greatest common divisor of g and n.
21
Let v be (-5 - -2)/(6/(-8)). Suppose -t + o = -3, 7*t - 3*t - 3*o = 16. Suppose 4*h = s + 19, -t = 4*s + 5. What is the greatest common factor of v and h?
4
Suppose -4*c + 301 = -139. Suppose o = -4*o + c. Calculate the highest common factor of 11 and o.
11
Suppose 4*l + 3*r = 1, 2*r = -0*r + 6. Let i be l/(-4)*(18 + 12). Calculate the highest common divisor of 15 and i.
15
Let d = 5 + -3. Let c be ((-4)/3)/(d/(-27)). Calculate the greatest common factor of c and 9.
9
Suppose -y = y - 22. Suppose 4*i + i - 15 = 0. Suppose -34 = -4*d - u - u, i*d - 28 = -u. What is the greatest common factor of d and y?
11
Suppose -2*k - 66 = -8*k. Calculate the highest common factor of 99 and k.
11
Suppose -16 = -4*y, -4*k + 3*y + 16 = -3*k. What is the highest common divisor of 42 and k?
14
Let a = -72 + 140. Suppose 144 = 6*l + 42. Calculate the highest common factor of a and l.
17
Let h(u) = u**2 - 6*u - 10. Let x be h(15). Calculate the highest common divisor of 50 and x.
25
Let i = 0 - 5. Let q(l) be the third derivative of -l**6/120 - l**5/15 - l**4/24 + l**3 - l**2. Let v be q(i). Calculate the greatest common factor of v and 12.
12
Let a be (-4 + 47)/(1/11). What is the highest common divisor of 43 and a?
43
Let k be 15/(-6)*(-60)/25. Suppose 4*i + 2*a = 6*a + 36, 0 = -2*i + a + 21. Suppose -6*x = -4*x - i. What is the greatest common divisor of x and k?
6
Let m(h) = -2*h. Let q be m(-1). Suppose q*f - 79 + 25 = 0. Let c = f - -3. What is the greatest common factor of 45 and c?
15
Suppose 5*f - f - 28 = 0. What is the highest common divisor of 49 and f?
7
Suppose -4*r + 19 = -5. Let i = -63 - -69. What is the greatest common divisor of i and r?
6
Suppose 2*c + 22 = 4*a, -3*a - c - 1 + 5 = 0. Suppose -83 = -3*b + z, -3*z + 59 = a*b - 28. Calculate the highest common factor of b and 7.
7
Suppose -2*i = 5*j + 35, j = -i - 8 - 2. Let g(w) = w**3 + 6*w**2 + w - 6. Let x be g(j). What is the highest comm